be (-10)/(-45) + 184/(-18). Let a = -7 - g. What is the units digit of a?
3
Suppose 3*x = 4*x + 1. Let o be (-1)/(-1*x/(-2)). Suppose 2*k - 10 = -2*i, 0 = -o*k + 2*i - 7*i + 22. What is the units digit of k?
1
Suppose 0*f + 10 = -f. Let d be ((-12)/f)/((-6)/(-20)). Suppose -d = w - 10. What is the units digit of w?
6
Let j(n) = 12*n**2 - 3. What is the units digit of j(2)?
5
Let x(s) = 14*s**2 - s + 1. Suppose 3*z - 4*f = z + 18, -12 = -4*z + 2*f. What is the tens digit of x(z)?
1
Suppose 4*u + 4*w - 608 = 0, -7*u - 2*w + 763 = -2*u. What is the tens digit of u?
5
What is the units digit of (-12)/27 + (-4700)/(-45)?
4
Suppose -2*q - 39 + 9 = 0. What is the units digit of ((-12)/q)/(2/10)?
4
Let b = 13 - 9. What is the units digit of 2 - 12/(2 - b)?
8
What is the units digit of -1 + 2 - 0 - -2?
3
Suppose 11*f - 15*f = -140. What is the tens digit of f?
3
Let q(d) = -d**3 + 9*d**2 + 10*d + 11. Let c = -24 - -34. What is the tens digit of q(c)?
1
Let c = 4 - 6. What is the units digit of -1 - c - (-4 - -1)?
4
Let n be (1/(-3))/(6/(-54)). Suppose -54 = -n*g - 6. What is the tens digit of g?
1
Suppose -3*v = -s + 2, -2*v - v + 2*s = -2. What is the units digit of 258/21 + v/7?
2
Let f(z) = 2*z + 1. Let v(a) = -a. Let n(w) = 2*f(w) + 5*v(w). Let b = 17 - 25. What is the tens digit of n(b)?
1
Suppose 0 = -2*l + l + 5. Let q = l - 12. What is the units digit of (-72)/q + 4/(-14)?
0
What is the tens digit of ((-3)/(-2))/3*24?
1
Suppose -3*u = 4*d - 6, 2*d + 0 = -3*u + 6. Suppose 5*a - 2*a - 81 = 0. Suppose -3*y + a = -d*y. What is the units digit of y?
9
Let k = 16 + -10. Let w be 28/k - (-4)/(-6). Let c = 1 + w. What is the units digit of c?
5
Suppose 0 = j - 3*m + 3 - 11, -5*j + 16 = -3*m. What is the units digit of (j/(-3))/(4/(-24))?
4
Suppose 0 = -b - 2 + 6. Suppose 0 = 2*g - 8, -4*d - g + 132 = -0*d. Suppose -b*i = -4 - d. What is the units digit of i?
9
Let v = -32 - -36. What is the units digit of v?
4
Suppose -3*u - 3*h = -0*h - 15, 4*u - 22 = -5*h. Suppose 8*m = u*m + 100. What is the tens digit of m?
2
What is the hundreds digit of (-3)/6 + (-437)/(-2)?
2
What is the units digit of 1/(2/2) - -2 - -122?
5
Let c = 13 + -13. Suppose -3*q + 72 = -c*q. What is the tens digit of q?
2
Let u(m) = m**3 - 6*m**2 + 4*m - 1. Let c be u(5). Let t = 17 + c. What is the units digit of t?
1
Suppose 7 + 8 = 5*j. Suppose 0 = b + k + 3, 5*b - j*k - 24 - 1 = 0. Suppose 0 = -b*r + 3*d + 15, 0 = -4*d + 12 + 8. What is the units digit of r?
5
Suppose 531 = 16*s - 7*s. What is the units digit of s?
9
Suppose -2*y - 60 = 4*l, 0 = 4*y + 2*l + 58 + 62. Suppose -84 = -b - b. Let z = y + b. What is the units digit of z?
2
Let m(x) = x**3 + 7*x**2 - 8*x + 11. Let u be -51*(0 + 3/9). Let b = u + 9. What is the units digit of m(b)?
1
Let q be (-2)/(-7) - (-183)/21. Suppose l + q = 3*i, -4*l = 5*i - 0*i - 15. What is the units digit of (-2)/i*(-2 + -1)?
2
Suppose 6*r - 44 = 4*r. What is the tens digit of r?
2
Let b(f) = -f**3 + 5*f**2 + f - 4. Let s = -2 - -6. What is the tens digit of b(s)?
1
What is the units digit of 8/(-6)*4950/(-44)?
0
Suppose -3*o - 3 + 0 = 0. Let a be 0*(-2)/(-2)*o. Suppose a = 4*l + 26 - 66. What is the tens digit of l?
1
Let r be 5*(6/5)/2. Suppose 0 = 2*g - 10, i - r*g + 19 - 5 = 0. What is the units digit of i?
1
Suppose -n - 5*h - 12 = 0, -4*h - 2 = -2*n + 2. Let s be n/(-6) + (-3)/9. Suppose s = l - 5*m, -4*l - 2*m + 7*m = -30. What is the tens digit of l?
1
Let s = 88 - 31. What is the units digit of s?
7
Let g be 4/(-2) + 0 - -4. Suppose -g*c - c = -36. Suppose 0 = -3*h - c, h = -3*m - 3*h + 14. What is the units digit of m?
0
Let t(x) = -x**2 - 10*x - 8. Let p be t(-7). Suppose 4*d - 5*f = -p, 4*f - 24 + 7 = d. Suppose 7*b = d*b + 4. What is the units digit of b?
1
What is the units digit of 32/(-48) - 952/(-6)?
8
Let a(l) be the second derivative of l**4/3 - l**3/3 - l**2 + 4*l. What is the units digit of a(2)?
0
Let o be 2 + (-6 - (-3 - -2)). Let d = 8 + o. What is the units digit of d?
5
Let o = -6 - -6. Suppose 5*d = 14 - 4. Let y = o + d. What is the units digit of y?
2
Suppose -6*l = -4*l - 8. Suppose -l*m = -0*m - 100. Let a = m - 12. What is the tens digit of a?
1
What is the tens digit of 970/14 + -1 + (-16)/56?
6
Let l(c) = -c**2 - 6*c - 7. Let n be l(-6). What is the tens digit of (-4)/14 - 86/n?
1
Let l be -6 + 5 - (-5 + 0). Let t be (l + 1)/(-2 + 3). Let m(c) = c**3 - 5*c**2 + 5*c - 4. What is the units digit of m(t)?
1
What is the units digit of (-4)/(-6)*-3 - -20?
8
Let n(u) = -3*u**2 + 23*u - 1. Let m(a) = -a**2 + 8*a. Let x(o) = 7*m(o) - 2*n(o). What is the units digit of x(10)?
2
Let n = 19 + -8. What is the tens digit of n?
1
Let f be 0/(1 + 0 + 0). Suppose -4*k - 160 = -f*k. What is the units digit of ((-4)/10)/(2/k)?
8
Suppose -3*h + 20 = 2*h - 5*f, -2*f - 4 = 0. Suppose 4*u = l + 90, -50 = -6*u + 4*u - h*l. Let k = u + -8. What is the units digit of k?
5
Suppose -2*l = -4, 4*c - l - 26 = -0*c. Suppose 3*j + 4*y = 96, -4*j + 104 = -5*y + c. Suppose -j = -5*g + g. What is the units digit of g?
7
Let u(n) = n - 3. Let m(t) = -t**2 + 3. Let g be m(0). Let q be u(g). Suppose q*b - 6 = -2*b. What is the units digit of b?
3
Let x(d) = d + 20. What is the tens digit of x(-8)?
1
Suppose 52*b - 55*b = -147. What is the units digit of b?
9
Let n(p) = 55*p**2 - 2*p + 5. Let x(o) = 27*o**2 - o + 3. Let j(w) = 3*n(w) - 5*x(w). What is the units digit of j(-1)?
1
Let x be 3 - (1 - 4)/(-3). Let v be (x/(4/(-6)))/1. What is the units digit of 1*2 - (-2 - v)?
1
Suppose 3*d - 1278 = -2*d - 2*m, d - 262 = -2*m. What is the hundreds digit of d?
2
Let x be (0 - 1)*(-3 - 2). Let f = 10 - x. Suppose f*v = 8 + 7. What is the units digit of v?
3
Suppose 4*u - 8*u + 88 = 0. What is the tens digit of u?
2
Let o = -382 - -607. What is the hundreds digit of o?
2
Suppose -4*c - 15 = -9*c. Suppose -w = -c*w - 2*m + 42, 33 = w - 5*m. Suppose -5*h = 8 - w. What is the units digit of h?
3
Suppose -2*p + 5*p - 177 = q, 2*p + 5*q = 101. What is the units digit of p?
8
Suppose -l - 12 = -5*t + 90, 0 = 5*l - 15. What is the tens digit of t?
2
Let w(l) = 5*l - 7. What is the tens digit of w(6)?
2
Suppose 31 = -w + 3*v, 0*v - 145 = 4*w - 5*v. What is the tens digit of (-2)/(w/19 - -2)?
1
Let f = -8 - -4. Let q(r) = -20*r - 5. Let g be q(f). Suppose 5*x = g - 0. What is the tens digit of x?
1
Let z(n) = 4*n - 5. Let j = 5 + -2. Suppose -3*c + 15 = 3*m - j, 11 = 2*m + c. What is the units digit of z(m)?
5
What is the units digit of 4/30 + (-86)/(-30) - -348?
1
Let q = 73 + -71. What is the units digit of q?
2
Let b = -18 + 28. Suppose -h + 2 = v, 0 = 4*v + h + 2*h - b. Suppose -5*u + 50 = 5*f, 40 = v*f - u + 6*u. What is the tens digit of f?
1
Let v(i) = i**3 - 4*i**2 - 4*i + 3. Let h be v(4). Let t = h + 25. What is the units digit of t?
2
Let h = 1 - -3. Suppose -24 = 2*k + 2*p, 3*p - 24 = h*k - 3*k. What is the units digit of 2*(k/(-6) + -2)?
1
Let j(y) = -y**3 + 5*y**2 + 13*y - 21. What is the tens digit of j(6)?
2
Suppose q = 4*q - 12. Suppose 4*p = q*k - 156, 3*k + 3*p - 13 - 92 = 0. What is the tens digit of k?
3
Let u(a) = 3*a**2 + 2. Suppose 4*d - 2*d - j - 9 = 0, -33 = -4*d + 5*j. What is the units digit of u(d)?
4
Let m(l) = -5 - l**2 + 13*l + 3*l - 2*l. What is the units digit of m(12)?
9
Let w = -280 + 491. What is the hundreds digit of w?
2
Let l = 30 + -18. What is the tens digit of l?
1
Let h(b) = b**2 - 10*b - 11. Let s be h(11). Suppose s = t + 2 - 36. What is the units digit of t?
4
Let v = -1 + 0. Let c be (-93)/6 - v/2. What is the units digit of (-1)/(-5) + (-117)/c?
8
Let t(h) be the second derivative of -h**5/20 - h**4/4 + h**2/2 - 3*h. Let i be t(-3). Let w = 10 - i. What is the units digit of w?
9
Let l = 1 + 1. Let a = 4 - l. Suppose n + a = 7. What is the units digit of n?
5
Let q(l) = -7*l - 4. What is the units digit of q(-8)?
2
Let o(d) = d**3 + 4*d**2 - 5*d + 2. Let k be o(-5). Suppose 0 = -q - 4, -2*w = -3*q + 28 - 4. What is the units digit of (4/(-6))/(k/w)?
6
Let u(r) = r - 1. Let b(d) = 7*d - 5. Let q(j) = -b(j) + 6*u(j). Let a be q(-4). Suppose 4*o - 24 = 4*w, -a*o - 2*w + 22 = -4*w. What is the units digit of o?
0
Let j(p) = 2*p**3 + 2*p**2 - 3*p + 2. Let l be j(2). What is the units digit of l - -3*(-2 + 1)?
7
Let z(y